- 181. What is the units digit of u(6)?
5
Let d be ((-2)/(-8))/((-1)/(-44)). Suppose 0*g - d = -2*g - 3*b, -5*g = 3*b - 23. Suppose g*y = -1 + 5. What is the units digit of y?
1
Let y(z) be the first derivative of 8*z**3/3 - 17*z**2/2 + 56*z + 40. What is the tens digit of y(6)?
4
Suppose -4*v = -d + 18709, -23296 = 5*d - v - 116917. What is the ten thousands digit of d?
1
Let l(o) = -2240*o. What is the units digit of l(-6)?
0
Let d = -27817 + 39004. What is the ten thousands digit of d?
1
Let h(i) be the third derivative of i**4/24 - i**3/6 - i**2. Let p(v) = -38*v + 5. Let z(a) = -5*h(a) - p(a). What is the units digit of z(3)?
9
Suppose 161*v + 15466 = h + 163*v, -2*v = 2*h - 30922. What is the hundreds digit of h?
4
Let y(s) be the first derivative of 101*s**3/6 + 2*s**2 - 35*s - 31. Let n(z) be the first derivative of y(z). What is the units digit of n(1)?
5
Let t = 43036 + 1322. What is the units digit of t?
8
Suppose 0*q = 3*q - 9. Suppose -2*w = -4*d - 162, 0 = q*d + 2*w + 3*w + 154. Let y = -15 - d. What is the tens digit of y?
2
Suppose 0 = -142*x + 160285 + 68192 + 481665. What is the tens digit of x?
0
Let c = 22 - 18. Let u be ((-994)/(-35))/(c/10). Let j = u + -12. What is the units digit of j?
9
Suppose 5*v - 35 = 5*n + 45, 3*v = -2*n - 7. Let g(b) = 4*b**2 - 6*b + 14. Let m be g(n). Suppose w = 2*q + q - 866, 2*q = 4*w + m. What is the tens digit of q?
9
Let y(f) = -11 + 4 - 2*f + 2. Let h be y(-5). Suppose -3*q + h*d + 172 = 0, 5*q + 0*d - 297 = -2*d. What is the tens digit of q?
5
Let x(d) = 4564*d - 108. What is the units digit of x(1)?
6
What is the hundreds digit of 176532/(-30)*(-6 + 3/((-18)/(-6)))?
4
Let z(g) = -114*g**3 - 2*g**2 - 7*g - 7. What is the hundreds digit of z(-4)?
2
Suppose -5*c - 28*f + 155250 = -23*f, -c + 4*f + 31040 = 0. What is the tens digit of c?
4
Let l = -5405 + 5350. Let a be (-4)/(-3)*87/2. Let j = l + a. What is the units digit of j?
3
Suppose -197*u = -194*u - 6. Suppose u*n - 4*k = -n + 833, 0 = 4*n - k - 1128. What is the units digit of n?
3
Let f = -15445 + 28884. What is the hundreds digit of f?
4
Let u(o) be the second derivative of -3*o**5/10 + o**4/12 + 23*o**3/6 + 2*o**2 + 136*o. What is the tens digit of u(-5)?
6
Let s(a) = -a**3 - 3*a**2 + 13*a + 5. Suppose -21 = -7*v + 21. Suppose 30 = -6*n - v. What is the tens digit of s(n)?
3
Let i = 1 + -76. Let y = i + -28. Let c = -24 - y. What is the tens digit of c?
7
Let y be (-580)/(-15) + 3/9. Suppose y = -10*l + 11*l. Suppose l = 5*f + 9. What is the units digit of f?
6
Let m = -251 + 287. What is the hundreds digit of m/(-18) - (-269 + 2)?
2
Let y = 30 + -30. Suppose -3*l + 318 + 27 = y. What is the tens digit of l?
1
Let m(w) = 2*w**3 + 9*w**2 - 3*w + 12. Let d be m(-5). Let k = d + 62. Let p = -35 + k. What is the units digit of p?
9
Let j = -133 + 138. Suppose j*k - 437 - 1198 = 0. What is the hundreds digit of k?
3
Suppose -3*y = -7*y - 2*b + 642, 0 = -3*y + b + 474. What is the units digit of y?
9
Let k(x) = -x**3 - 10*x**2 + 24*x + 2. Let q be k(-12). Suppose -2*b = v - 1102, -q*b + v = -591 - 515. What is the tens digit of b?
5
Let s(c) = -c**3 - 71*c**2 - 50*c - 969. What is the units digit of s(-73)?
9
Suppose 5 = -5*b, -5*b + 29203 = -3*p + 7*p. What is the units digit of p?
2
Let s(a) = -3*a - 10. Let k be s(-4). Let z(r) = 6*r + 7 - k*r + 7*r. What is the tens digit of z(9)?
0
Let j = 2256 + 1883. What is the tens digit of j?
3
Let w be (42/8)/(-3 + 1233/408). What is the units digit of 2/6*2 + w/3?
0
Suppose -2*c + 3*z = -26878, 343*c - 344*c + 2*z = -13441. What is the tens digit of c?
3
Let f(d) = 193*d + 463. What is the thousands digit of f(40)?
8
Let z = 39 + -42. Let x(s) = 72*s + 30. Let b be x(-14). What is the units digit of (z/(-6))/((-3)/b)?
3
Suppose -5*u + 20 = t, -2*u = -0*t + 3*t - 8. Suppose p + 356 = u*j, -4*j - 2*p = -329 - 15. What is the tens digit of j?
8
Suppose 5*q - 32236 = -2*i, 42*q - 4*i - 32248 = 37*q. What is the hundreds digit of q?
4
Let b(v) = -v**3 + 5*v**2 + 11*v - 27. Let y be b(6). Let s(z) = 140*z + 55. What is the tens digit of s(y)?
7
Suppose 3*l = -9, -2*l - 57 + 1 = -5*j. Suppose -3*k - 5 = j. What is the tens digit of 73 - k/((-15)/6)?
7
Let w(o) = 8*o - 3. Let m be w(1). Suppose -3*v - 2*v = -10, m*l + 2*v = 24. Suppose 20 = p + l*p. What is the units digit of p?
4
Let m(j) = -j**3 - 44*j**2 - 250*j + 58. What is the thousands digit of m(-39)?
2
Let u(t) = -20*t + 22. Let y be u(6). Let f be -5*(-1)/(-2)*y/(-35). What is the tens digit of (-551)/f - (-6)/21?
7
Let c(p) be the third derivative of 379*p**4/12 + 13*p**3/3 + p**2 - 55*p. What is the units digit of c(1)?
4
Suppose 4*o + 4 = 0, -3*g + 3*o - 27095 = -4*g. What is the hundreds digit of g?
0
Let q be ((-45)/(-12))/(-3 + 70/24). Let w be (3 + q/12)/(2/16). What is the tens digit of (-4)/w + -5 + (-544)/(-12)?
4
Suppose -5*l = -3*d - 88297, -5*d - 36471 = -3*l + 16488. What is the hundreds digit of l?
6
Suppose 39*f - 282 = -126. Suppose -3*p = 3*u - 4896, -3*u + 4893 = 6*p - 2*p. What is the units digit of u/35 + f/14?
7
Let o(l) = -l**2 - 6*l**3 - 5*l - 4 - l**2 + 0*l**2 + 0. Let j be o(-2). Suppose -3*b = 2*z - 118, b + 2*z = -2*z + j. What is the units digit of b?
8
Let b(l) = -36*l**3 + l**2 - 3*l + 7. Let m be b(3). What is the tens digit of m*(-7 - -2)/5?
6
Suppose 3*x - 4*x + 5 = -5*m, 0 = 3*m. What is the tens digit of (x - 17)/((-6)/212)?
2
Let u(m) = -18*m + 72. Let x(s) = 451 - 47*s - 24*s - 162. Let z(h) = -9*u(h) + 2*x(h). What is the hundreds digit of z(10)?
1
Suppose -4*g + 23340 = -n, 137 - 11821 = -2*g - 3*n. What is the units digit of g?
6
Suppose n - 4*r + 19 = 0, n - 3*r - 13 = -7*r. Let t(f) = f**2 - 2*f - 2. Let b be t(n). Suppose 12*y - 2629 + b = 0. What is the hundreds digit of y?
2
Let x = -6 + 8. Suppose -840 = -90*m + 87*m. Suppose 5*t - m = -x*t. What is the units digit of t?
0
Suppose -6 = -6*j - 6. Suppose -2*q = -t - 5, -3*q - 2*q + 2*t + 10 = j. Suppose b - 2*b - y + 7 = q, -4*y + 30 = 5*b. What is the units digit of b?
2
Suppose -1603140 = 82*d - 76*d - 41*d. What is the thousands digit of d?
5
Suppose -47*p = -87*p + 303040. What is the units digit of p?
6
Let n(j) = 1560*j + 5151. What is the thousands digit of n(7)?
6
Let s be -9*(-2)/12 + (-45)/(-6). Suppose -l + 2*c - 2 = l, -3*c + s = 0. Suppose 2*a = -l*i + 224, 5*i - 165 - 401 = -2*a. What is the units digit of i?
4
Let k = -20 - -288. Let g be (0 - -146) + -3*(-28)/12. Let a = k - g. What is the hundreds digit of a?
1
Let p(a) = -75*a**3 - 5*a**2 + a + 10. Let v(y) = y**3 + 4*y**2 - y - 6. Let i be v(-4). What is the tens digit of p(i)?
8
Suppose 32*w = 35*w - 3. Suppose 3*z = -5*g - 6, -3*z - w = 5. Suppose m + 32 - 90 = g. What is the tens digit of m?
5
What is the tens digit of (-9895030)/(-1208) - ((-2)/(-3))/((-16)/(-30))?
9
Let y be (-529)/9 - 4/18. Suppose 67*p = 42*p + 50. Let z = p - y. What is the units digit of z?
1
Let d be (3 - 5)/(-1) + (-1 - 9). Let v be 471 - (0 - d/2). Suppose -5*g + 2*f + v = 0, -3*g + f = 2*f - 278. What is the units digit of g?
3
Let x(f) = -12 + 4*f**2 - 3*f**2 - 5. Let n be x(8). Let m = 60 - n. What is the tens digit of m?
1
Suppose -7*w = 2*d - 11*w - 4158, d - 2079 = 4*w. Suppose -467 = 4*f - d. What is the hundreds digit of f?
4
Let p(w) = -w + 10. Let f be p(8). Let a be (-27)/12 + f - 487/4. Let u = a + 174. What is the tens digit of u?
5
Let h be 1 + 2*(111/(-6) + 0). Let r = h + 70. Suppose -38*s = -r*s - 228. What is the units digit of s?
7
Let r = -329 + 789. Let f = -406 + r. What is the tens digit of f?
5
Suppose 44*a + 25*a - 352955 = 46900. What is the hundreds digit of a?
7
Let g(q) = -q**2 + 21*q + 21. Let s(f) = -2*f - 2. Let w be s(-7). Suppose -5*u = -5*z - 80, u - w = 3*z + 2. What is the tens digit of g(u)?
8
Let a = 33 - 48. Let z be 24/a*(0 + -5). Suppose -3*s - 520 = -z*s. What is the tens digit of s?
0
Let c(j) = 17*j + 38. Let l(k) = 11*k + 25. Let z(n) = 5*c(n) - 8*l(n). Let d be z(-5). Suppose -d*u = 3*u - 728. What is the units digit of u?
1
Let k(s) = 8*s**3 + 6*s - 15*s**2 + 6 + 10*s + 5*s - s. What is the units digit of k(5)?
1
Suppose 246*o = 230*o + 246624. Suppose o = -2*x + 16*x. What is the tens digit of x?
0
What is the thousands digit of (-1 - -6240) 